84?
True
Is 26771 a multiple of 19?
True
Does 48 divide 12000?
True
Is 6820 a multiple of 44?
True
Is 52392 a multiple of 37?
True
Does 67 divide 1943?
True
Is 64 a factor of 8368?
False
Does 93 divide 837?
True
Is 28 a factor of 1426?
False
Is 24 a factor of 264?
True
Is 7198 a multiple of 59?
True
Is 34 a factor of 1803?
False
Is 130497 a multiple of 36?
False
Is 206 a factor of 4120?
True
Is 95 a factor of 2215?
False
Does 16 divide 719?
False
Does 5 divide 1402?
False
Does 65 divide 1820?
True
Is 32993 a multiple of 118?
False
Does 13 divide 1495?
True
Is 731 a multiple of 3?
False
Is 857 a multiple of 174?
False
Is 16 a factor of 84528?
True
Is 623 a multiple of 19?
False
Is 22157 a multiple of 185?
False
Does 51 divide 24924?
False
Is 78890 a multiple of 18?
False
Is 49 a factor of 558?
False
Is 352 a multiple of 5?
False
Is 10024 a multiple of 8?
True
Is 1410 a multiple of 23?
False
Is 17 a factor of 2036?
False
Does 5 divide 119?
False
Is 27 a factor of 378?
True
Does 7 divide 1159?
False
Does 23 divide 208?
False
Does 81 divide 609?
False
Is 46 a factor of 820?
False
Is 6622 a multiple of 22?
True
Is 42407 a multiple of 10?
False
Does 81 divide 4617?
True
Is 21 a factor of 92673?
True
Is 26 a factor of 50025?
False
Does 67 divide 5293?
True
Is 18 a factor of 527?
False
Does 19 divide 1594?
False
Is 2 a factor of 79?
False
Is 377 a multiple of 29?
True
Is 77 a factor of 7392?
True
Is 2 a factor of 822?
True
Is 513 a multiple of 19?
True
Is 12 a factor of 26?
False
Is 35 a factor of 4512?
False
Does 8 divide 10894?
False
Does 104 divide 72072?
True
Is 4486 a multiple of 55?
False
Is 1393 a multiple of 17?
False
Is 325 a multiple of 4?
False
Is 244 a multiple of 4?
True
Is 11 a factor of 116473?
False
Does 11 divide 29527?
False
Is 10 a factor of 2812?
False
Does 61 divide 1098?
True
Is 2946 a multiple of 6?
True
Does 33 divide 1499?
False
Is 127 a factor of 6918?
False
Is 29 a factor of 3189?
False
Is 14485 a multiple of 211?
False
Is 41 a factor of 3876?
False
Is 42 a factor of 580?
False
Is 11 a factor of 58391?
False
Is 8 a factor of 136?
True
Is 163 a factor of 18745?
True
Is 52 a multiple of 4?
True
Is 17738 a multiple of 49?
True
Is 5 a factor of 13?
False
Does 14 divide 69552?
True
Is 923 a multiple of 13?
True
Does 166 divide 28708?
False
Does 5 divide 21988?
False
Is 23 a factor of 1188?
False
Is 285 a multiple of 34?
False
Does 2 divide 6?
True
Is 6210 a multiple of 46?
True
Is 850 a multiple of 11?
False
Is 25901 a multiple of 11?
False
Is 3866 a multiple of 61?
False
Is 5 a factor of 422?
False
Is 32 a factor of 9296?
False
Is 20544 a multiple of 64?
True
Is 20826 a multiple of 3?
True
Does 133 divide 2767?
False
Is 72 a factor of 50544?
True
Does 23 divide 132?
False
Does 10 divide 18408?
False
Is 153 a multiple of 9?
True
Is 687 a multiple of 45?
False
Is 8 a factor of 1688?
True
Does 32 divide 1216?
True
Is 2220 a multiple of 148?
True
Does 7 divide 1567?
False
Does 8 divide 176?
True
Is 5 a factor of 4070?
True
Is 87 a factor of 10825?
False
Is 247 a factor of 18623?
False
Is 43 a factor of 15652?
True
Is 9858 a multiple of 14?
False
Is 6 a factor of 144?
True
Is 221 a factor of 33050?
False
Is 128 even?
True
Is 69 a factor of 28447?
False
Is 570 a multiple of 19?
True
Is 10 a factor of 221?
False
Is 7 a factor of 2490?
False
Is 28 a factor of 2418?
False
Does 15 divide 1919?
False
Is 28 a factor of 3612?
True
Is 1778 a multiple of 7?
True
Does 42 divide 210?
True
Is 12628 a multiple of 77?
True
Does 54 divide 2646?
True
Is 7 a factor of 768?
False
Does 69 divide 1173?
True
Does 22 divide 1210?
True
Does 12 divide 150?
False
Is 24645 a multiple of 79?
False
Does 12 divide 8664?
True
Is 25 a factor of 6378?
False
Is 8 a factor of 600?
True
Is 418 a multiple of 32?
False
Does 51 divide 1428?
True
Is 369 a multiple of 41?
True
Does 22 divide 71236?
True
Is 8415 a multiple of 187?
True
Is 34 a factor of 27302?
True
Does 26 divide 9896?
False
Does 27 divide 135?
True
Is 935 a multiple of 46?
False
Does 13 divide 15873?
True
Is 37380 a multiple of 210?
True
Is 33 a factor of 28958?
False
Is 43 a factor of 694?
False
Does 33 divide 399?
False
Is 9 a factor of 34178?
False
Is 6 a factor of 2139?
False
Does 18 divide 4068?
True
Does 30 divide 1195?
False
Does 46 divide 484?
False
Does 24 divide 2568?
True
Does 44 divide 185?
False
Does 111 divide 6444?
False
Is 2656 a multiple of 3?
False
Is 12480 a multiple of 60?
True
Is 2052 a multiple of 19?
True
Is 3642 a multiple of 13?
False
Is 18 a factor of 4541?
False
Is 16 a factor of 112192?
True
Is 115444 a multiple of 124?
True
Is 500 a multiple of 20?
True
Is 27257 a multiple of 97?
True
Is 1196 a multiple of 38?
False
Is 141 a factor of 9870?
True
Does 11 divide 25355?
True
Is 91 a factor of 3379?
False
Is 2095 a multiple of 62?
False
Does 11 divide 759?
True
Is 18 a factor of 39093?
False
Does 66 divide 660?
True
Is 10850 a multiple of 31?
True
Does 67 divide 257?
False
Does 111 divide 12210?
True
Is 2 a factor of 37?
False
Does 4 divide 52?
True
Is 8 a factor of 488?
True
Is 42885 a multiple of 14?
False
Is 29 a factor of 1307?
False
Is 2860 a multiple of 52?
True
Is 15 a factor of 7207?
False
Is 814 a multiple of 37?
True
Does 78 divide 312?
True
Is 170 a factor of 121210?
True
Is 20 a factor of 20?
True
Is 756 a multiple of 6?
True
Is 187 a multiple of 15?
False
Does 66 divide 1386?
True
Is 1260 a multiple of 11?
False
Is 9094 a multiple of 17?
False
Is 17292 a multiple of 44?
True
Does 3 divide 658?
False
Is 3016 a multiple of 72?
False
Is 43 a multiple of 2?
False
Is 50 a factor of 3450?
True
Does 38 divide 2584?
True
Is 20 a factor of 420?
True
Does 13 divide 17074?
False
Is 2 a factor of 21233?
False
Is 4247 a multiple of 24?
False
Is 87 a factor of 5649?
False
Does 35 divide 350?
True
Does 9 divide 16974?
True
Is 94269 a multiple of 67?
True
Is 80602 a multiple of 382?
True
Does 10 divide 1640?
True
Is 11233 a multiple of 110?
False
Is 213 even?
False
Is 159 a factor of 42135?
True
Does 82 divide 31734?
True
Does 8 divide 64?
True
Is 938 a multiple of 7?
True
Is 7978 a multiple of 15?
False
Is 1308 a multiple of 40?
False
Does 29 divide 176755?
True
Is 3 a factor of 708?
True
Does 104 divide 3768?
False
Is 21019 a multiple of 46?
False
Is 16 a factor of 48?
True
Is 6039 a multiple of 7?
False
Is 115 a multiple of 43?
False
Does 246 divide 21802?
False
Is 504 a multiple of 14?
True
Is 11 a factor of 146906?
False
Is 9384 a multiple of 58?
False
Does 25 divide 100?
True
Is 533 a multiple of 13?
True
Does 78 divide 5070?
True
Is 10 a factor of 156?
False
Is 11193 a multiple of 91?
True
Is 12 a factor of 9297?
False
Is 16 a factor of 594?
False
Is 7 a factor of 1079?
False
Does 2 divide 404?
True
Is 2508 a multiple of 106?
False
Does 47 divide 175?
False
Is 25 a factor of 33719?
False
Is 10 a factor of 4600?
True
Does 38 divide 523?
False
Is 854 a multiple of 13?
False
Does 139 divide 15614?
False
Does 4 divide 34?
False
Is 1348 a multiple of 26?
False
Is 528 a multiple of 12?
True
Is 4350 a multiple of 25?
True
Does 17 divide 1734?
True
Does 6 divide 199?
False
Does 5 divide 7620?
True
Is 48 a multiple of 19?
False
Is 114 a multiple of 3?
True
Is 9270 a multiple of 45?
True
Does 15 divide 1530?
True
Does 9 divide 103?
False
Does 30 divide 1600?
False
Is 11 a factor of 2693?
False
Is 50 a factor of 6050?
True
Is 174 a factor of 5742?
True
Is 214 a factor of 29746?
True
Does 31 divide 88164?
True
Is 27 a factor of 420?
False
Is 1795 a multiple of 81?
False
Is 4620 a multiple of 34?
False
Is 25 a factor of 737?
False
Is 22 a factor of 462?
True
Does 24 divide 6993?
False
Does 3 divide 126?
True
Is 32 a factor of 2176?
True
Is 10 a factor of 72332?
False
Does 40 divide 4154?
False
Is 3115 a multiple of 13?
False
Is 21 a factor of 410?
False
Is 22 a factor of 3987?
False
Does 19 divide 19942?
False
Is 60 a factor of 180?
True
Is 25 a factor of 650?
True
Does 10 divide 3480?
True
Is 4884 a multiple of 74?
True
Is 42 a factor of 7140?
True
Is 9 a factor of 717?
False
Does 40 divide 1080?
True
Is 9828 a multiple of 17?
False
Is 272 a multiple of 16?
True
Is 45 a factor of 15885?
True
Is 144 a factor of 58320?
True
Is 9 a factor of 4446?
True
Is 73 a factor of 3340?
False
Does 2